40?
80
Let c be 375/210 - (-24)/112. Suppose -4*k - 2*v - 4 = 0, 3*k + 2*v + 4 = -1. Calculate the highest common divisor of k and c.
1
Suppose 19 = s - 5*f, -2*f + 16 = 2*s - f. Let c = -10 + 14. Suppose -c*q = 3*l - 99, -8*q - l + 132 = -3*q. Calculate the greatest common divisor of q and s.
9
Let q(k) = 125*k + 808. Let p be q(-6). Calculate the highest common factor of p and 3596.
58
Suppose 0 = 3*b - 3*j - 87, 5*b + 2*j - 23 = 150. What is the greatest common factor of b and 3333?
33
Suppose 69*u + 1167 + 5130 = 1822*u - 5974. Suppose -4*f + 26 = 3*z, -2 + 60 = 3*z - 4*f. Suppose -2*j + z = -j. Calculate the highest common factor of u and j.
7
Let h = 65 + -143. Let b be 4 + 5/((-15)/h). Let m be (-23)/(-2) + 2/4. Calculate the greatest common factor of m and b.
6
Let x = 98 - 91. Let a be (x - 12)*(-33)/5. Let m be ((-3)/2)/((-5)/10). Calculate the greatest common divisor of a and m.
3
Suppose 213 = -21*r + 22*r. Let u = r + -197. Calculate the greatest common divisor of u and 160.
16
Suppose 0 = a - 3*a + 60. Let p(h) = 4*h**2 - 3*h - 5. Let t be p(-3). Suppose -f + t = -a. Calculate the greatest common divisor of f and 10.
10
Let f be 10/((-36)/(-144) + (-9466)/(-1080) + -9). What is the greatest common divisor of 1107 and f?
27
Let c = -118 + 65. Let y = c - -80. Let x(s) = 34*s**2 + 33*s - 40. Let i be x(1). Calculate the highest common factor of y and i.
27
Let c be (-1 + 0 + (-18 - 3))*-1. Let g be (-5 - 1)*(-88)/c. Calculate the highest common factor of g and 228.
12
Suppose -4*c - 1940 = -2*o, 86*c = 4*o + 87*c - 3889. What is the highest common factor of 276 and o?
12
Suppose -3*k + 203 = 34*i - 33*i, -211 = -3*k - 5*i. Calculate the highest common factor of k and 1.
1
Suppose 411 = 2*p + h + 270, 3*p - 5*h = 231. Suppose 4*r = r + 15. Let o be -4*(1 - (r + -1)). Calculate the greatest common divisor of p and o.
12
Let u = -8434 + 8570. Let p be (-1)/1*2/1. Let t be -51*2*p/12. What is the highest common factor of u and t?
17
Let v(y) = -22*y + 82. Let w be v(-10). Let i = w - 177. What is the highest common divisor of i and 50?
25
Suppose -20 = -3*h - 2*h, -5*h + 20 = s. Suppose 784 - 791 = -p. Let i = p - s. Calculate the highest common divisor of 7 and i.
7
Let o(y) = 0 + 7*y + 11 - 4*y**2 + 5*y**2. Let g be (-20)/4 + (-5)/(-10)*-4. Let n be o(g). What is the greatest common factor of n and 44?
11
Let l(b) = b + 13. Let w be l(-10). Suppose -h + 4 = d, -w*d + 4*h + 2 = -d. Calculate the highest common factor of 24 and d.
3
Let n = 653 + -645. Calculate the greatest common factor of n and 2804.
4
Let o(d) = -590*d - 4148. Let k be o(-73). What is the highest common divisor of k and 6?
6
Let u(x) = x**3 + 43*x**2 - 20*x + 540. Let t be u(-43). Calculate the highest common factor of t and 112.
56
Let b(j) = j**3 + 9*j**2 + 13*j - 9. Let y = -40 - -34. Let t be (y/(-5))/(2/(-10)). Let a be b(t). Calculate the greatest common divisor of a and 63.
21
Let o be 180/(-8)*(-7)/((-70)/24). Let u = 204 + o. Calculate the greatest common factor of u and 6.
6
Suppose -137*b + 79440 + 33471 = -105741. Calculate the greatest common divisor of 608 and b.
76
Suppose 0 = 5*i + 38 - 118. Let r(v) be the second derivative of -v**3/2 + 24*v**2 + v - 40. Let s be r(0). Calculate the greatest common divisor of i and s.
16
Suppose -33 - 9 = 6*g. Let y be (g/14)/((-2)/12). What is the highest common factor of 15 and y?
3
Suppose 2*z + 5*h + 4407 - 28512 = 0, -4*z - h = -48291. What is the highest common divisor of 25 and z?
25
Suppose 0 = -3*b - 335 + 35. Let p = -82 - b. What is the greatest common divisor of p and 48?
6
Let o = -57 - -66. Suppose 0 = o*u - 2*u - 1295. What is the greatest common divisor of u and 37?
37
Let c(z) = -z**2 + 34*z + 13. Let t(s) = s**2 + 3*s - 1. Let m(i) = -c(i) + 2*t(i). Let d be m(10). What is the greatest common divisor of d and 40?
5
Let c(f) = -208*f - 16. Let y be c(-9). Suppose -5*o = 11*o - y. Calculate the greatest common factor of o and 58.
58
Suppose -5*d = -w - 25163, d + 196*w - 5026 = 194*w. Calculate the highest common factor of d and 34.
34
Let w = 496 + -496. Suppose 2*s - 166 = -4*n, w*s + 2*n = 2*s - 136. Calculate the greatest common divisor of 73 and s.
73
Suppose -573*y + 569*y = -96. Calculate the greatest common divisor of y and 600.
24
Suppose 2*f - 3*l - 1977 = 0, -5*f + 4772*l + 4975 = 4771*l. What is the greatest common divisor of 2739 and f?
249
Let w(z) = -9 - 40*z + 45*z**2 + 8*z + 23*z. Let f be w(-1). Calculate the greatest common divisor of 5 and f.
5
Let r(h) = 2*h**2 + 13*h + 11. Let f be r(-9). Suppose 2*m + 305*g - 309*g - 72 = 0, -2*m = -2*g - 64. Calculate the highest common divisor of f and m.
28
Suppose 2*g - 158 = -5*y, -5*g + 574 = y + 248. Let m = 6 - 4. Calculate the highest common factor of m and g.
2
Let l be 17 + ((-3)/3 - 2). Let x be (-51)/(-18) - (l/(-12) + 1). Let b = -22 + 46. Calculate the greatest common factor of x and b.
3
Suppose 2*z - 1672 = -6*u, -235*u + 230*u + 838 = z. Calculate the highest common factor of 17 and z.
17
Suppose 3*s - 691 = -r, -26 + 16 = -2*s. Calculate the highest common factor of 4 and r.
4
Let h(w) = -9*w - 111. Let q be h(-13). Let y be ((-162)/3)/(q + 81/(-12)). What is the greatest common divisor of 360 and y?
72
Let n(h) = 4*h**2 + 7*h - 7. Let z be 1*(-2)/(-4)*-8. Let c be n(z). Let r(t) = 18*t - 17. Let g be r(9). What is the highest common divisor of c and g?
29
Let k = 2068 - 1136. Calculate the highest common divisor of k and 12.
4
Let x be (-96411)/(-630) + 2/(-60). What is the greatest common factor of 9996 and x?
51
Suppose 0 = -29*q + 20*q + 873. Suppose -q*t + 73*t + 1680 = 0. What is the greatest common divisor of 910 and t?
70
Suppose -2*g + 4248 = 2*d, -35*g = -32*g - 3*d - 6390. What is the highest common divisor of g and 3?
3
Suppose -6*s + 5645 + 49 = 0. Let n = s + -509. Calculate the highest common divisor of 55 and n.
55
Let f = -2573 + 2723. Calculate the greatest common factor of f and 400.
50
Suppose 3*g - 2848 = -p, -p + 12 = 14. What is the greatest common divisor of g and 150?
50
Let h(i) = i - 1. Let k(x) = -x**3 + 40*x**2 - 39*x - 46. Let d(m) = 5*h(m) + k(m). Let s be d(39). What is the greatest common factor of s and 27?
9
Suppose l - 13 = 5*y + 11, y - 24 = -3*l. Suppose 3*q + 0*q = -2*s + 840, -9*s = -6*s + 36. Calculate the highest common divisor of q and l.
9
Let f be (-2)/(-4) - 234/(-12). Suppose 11*j + 7 + 125 = 0. Let o = j + f. What is the greatest common factor of o and 6?
2
Let k(y) = -12*y**2 + 116*y - 4. Let z be k(7). Suppose -159*i = -170*i + z. Let o = -10 + 40. Calculate the highest common factor of i and o.
10
Suppose 1276*g + 2700 = 1301*g. What is the highest common divisor of g and 708?
12
Let d(s) = -3*s**2 + 9*s - 4. Let y be d(6). Let j(x) = 95*x + 539. Let w be j(-5). Let l = w + y. What is the greatest common factor of l and 42?
6
Let w(k) = -k**3 - 16*k**2 - 86*k - 109. Let r be w(-7). Calculate the greatest common divisor of 546 and r.
26
Let l = 71 - -230. Let o = l - 281. Calculate the highest common divisor of 45 and o.
5
Suppose -h = 2*h - 5*f - 760, -5*f - 250 = -h. Let z = h - 195. Calculate the greatest common divisor of 480 and z.
60
Suppose 142*t = 274*t - 107*t - 400. Suppose -4*i + 40 = v + v, -4*v - 5*i + 74 = 0. What is the greatest common divisor of v and t?
16
Suppose 32*k = 36*k - 8. Suppose -28 = -k*j - 5*h, -6*j + 20 = -2*j + h. Calculate the highest common divisor of 78 and j.
2
Suppose 85*c = -176*c + 1271070. Calculate the highest common divisor of 10 and c.
10
Suppose 3*z - 10*z + 1164 = -3*z. What is the greatest common factor of 194 and z?
97
Suppose 2*j = -15*d + 219, 2*j - 208 = -8*d + 4*d. What is the highest common divisor of 2091 and j?
51
Let r = -10734 + 11421. Calculate the greatest common divisor of 3664 and r.
229
Let i = -136 + 45. Let t = i + 94. Suppose -32 = -m - 4*f, -4*m + 3*f = 2*f - 94. Calculate the highest common divisor of m and t.
3
Suppose 5*x + 53 = 2*u, 5*x + 34 = u - 0*x. Let w(o) = -o - 94. Let k be w(-23). Let z be (-10)/(-8)*4 - k. What is the greatest common divisor of u and z?
19
Let f be (9/(-2))/(2/(-12)). Suppose 9*g - 4*g = -10. Let p = g - -5. Calculate the highest common divisor of p and f.
3
Let h = -10619 + 106